).
2, 31, 139
Let h be 8*((-4)/(-24))/((-5)/15). List the prime factors of -5 - (144*14)/h - 0.
499
Let g(l) = -13*l + 62. Let c(n) = -12*n + 61. Let p(v) = 3*c(v) - 2*g(v). Let t be p(5). Suppose -675 = -t*s + 6*s. What are the prime factors of s?
3, 5
Let w(n) = -n - 22. Let a be w(-24). Suppose a*v + 8 = v. Let p = 150 + v. What are the prime factors of p?
2, 71
Let x(p) = -p**3 + 52*p**2 + 221*p - 611. List the prime factors of x(49).
3, 5807
Let y = 10 - 5. Suppose -y*a - v = -5*v + 81, 0 = 5*a - 2*v + 73. What are the prime factors of a/(-2) - (-60)/40?
2
Suppose -76*r + 581392 = 36*r. List the prime factors of r.
29, 179
Let d(q) = 2*q**3 + 15*q**2 - 73*q - 137. List the prime factors of d(19).
17609
Let m be (((-18)/(-5))/6)/((-2)/(-140)). Suppose -34*c = -m*c + 4040. What are the prime factors of c?
5, 101
Suppose -22*l + 67645 = -82923. What are the prime factors of l?
2, 29, 59
Let a = 1209 - 593. Suppose -1000*o - a = -1014*o. List the prime factors of o.
2, 11
Suppose 0 = -i - 4, -2*p = -i + 9 + 51. What are the prime factors of (-26 + 0)*(784/p - -1)?
13, 47
Let b = -75 - -77. Suppose -3*m - 3 = 0, 3*m = b*w - 1330 - 735. List the prime factors of w.
1031
Let b be 7/(-35) - (-78)/15. Suppose 3*z - 2113 = -b*y, -44*z = -39*z - 5. List the prime factors of y.
2, 211
Suppose 4*b - 27671 = 2*n + 13477, -b + 10294 = -4*n. List the prime factors of b.
2, 37, 139
Suppose 410362 = -30*v + 49*v. What are the prime factors of v?
2, 10799
Let b(r) = -2*r**2 - 47*r - 7. Let z be b(-23). Suppose 0 = 2*d + 8, -2*s + z = 2*d - 5*d. Suppose -s*n - 15 + 93 = 0. List the prime factors of n.
3, 13
Let t(w) = -w + 6. Let y be t(3). Suppose -4*n + 3 + 205 = 4*v, 0 = -2*v + y*n + 119. Let o = 79 + v. List the prime factors of o.
2, 67
Suppose 3*q - 15 = -3*h, -3*q - 17 = -2*h - 57. Suppose -3*p - q = -d + 920, -4*p + 5*d - 1229 = 0. Let m = -147 - p. List the prime factors of m.
2, 41
Let r = 1364 + -2042. Let n be r/4*(-26)/39. Suppose y = 3*o + 57 + n, -2*y - 5*o + 285 = 0. What are the prime factors of y?
5, 31
Let b = -19697 - -35690. List the prime factors of b.
3, 1777
Suppose -2*i = 4*l - 130, -i = -4*l + 2*l + 55. List the prime factors of 4 - ((-998)/6 - (-10)/l).
2, 5, 17
Let x = -18536 + 42292. What are the prime factors of x?
2, 5939
Let k be (-6)/33 - ((-2115)/(-165) + -18). Let b = -571 + 1099. Suppose 3*h = 3*l - 399, -146 = -k*l + 2*h + b. List the prime factors of l.
2, 17
Suppose -200 = -161*d + 153*d. Suppose d*o = -4*o + 20416. List the prime factors of o.
2, 11
Suppose 3*u + 40 = 5*w, 4*u + 33 = 4*w - 31. Suppose -3*y + 18 = -3*p, -3*p = -2*y - 5*p. What are the prime factors of (u/(-3) - y)*18?
2, 3, 11
Let z = 9568 - 6195. What are the prime factors of z?
3373
Let s = -38 - -46. Suppose -5*p - 4*g + 2584 = -s*g, 0 = -4*g - 4. What are the prime factors of p?
2, 3, 43
Suppose -35*x + 222274 + 501672 = 77916. What are the prime factors of x?
2, 11, 839
Suppose -4*p - 2*q + 92 = 0, -6*q - 32 = -p - 2*q. Suppose p*h - 5159 = 1. What are the prime factors of h?
5, 43
Let j(n) = -n**3 + 28*n**2 + 2*n - 52. Let c be j(28). What are the prime factors of (3/9)/(c/16992)?
2, 3, 59
Let n(v) = -v**2 + v + 14. Let y be n(4). Suppose 0 = -y*f + 4*f - 6. Suppose 2*m + f*m = 105. List the prime factors of m.
3, 7
Let s(r) = 8*r**2 + 93*r - 157. List the prime factors of s(-40).
8923
Let h = -1004 + 1002. Suppose -4*u + u = -459. List the prime factors of -2*(u/h + 5).
11, 13
Let t(s) = 55*s**3 + 9*s + 2. Let b(q) = -56*q**3 - 9*q - 5. Let w(j) = 3*b(j) + 4*t(j). What are the prime factors of w(2)?
7, 61
Let r(l) be the third derivative of l**5/30 + l**4/8 + 43*l**3/6 + 30*l**2. What are the prime factors of r(-5)?
2, 3, 13
Let p = 6527 + -5316. List the prime factors of p.
7, 173
List the prime factors of 22/(((-140)/10969)/(-10) - 0).
11, 1567
Suppose -3*z = -413 - 817. Let l = z + -126. List the prime factors of l.
2, 71
Let y = -78420 - -119664. What are the prime factors of y?
2, 3, 7, 491
Suppose -2*o = -4*z - 8, 2*z = -2*o + 1 - 5. Suppose 3*f + 5*t = -46, 2*f - 5*t + o*t + 39 = 0. List the prime factors of (-1 + f/(-4))/((-2)/(-16)).
2, 13
Let u = -337 - -342. Suppose 2*t = -3*r + 3914, 9*r - 12*r = u*t - 3926. List the prime factors of r.
2, 3, 7, 31
What are the prime factors of (12 + 4927/2)/((-1)/(-2))?
4951
Let o be (-3 + 1)*(-84)/24. Let g = -13 + o. Let i(l) = -2*l**3 - 9*l**2 - 13*l - 9. List the prime factors of i(g).
3, 59
Let g(l) be the first derivative of -8*l**2 - 15*l - 10 - 1/3*l**3. List the prime factors of g(-13).
2, 3
List the prime factors of (35/(-30))/(4/(-47694)) - (-72)/288.
3, 4637
Let p be (9*94/12)/(6/4). Suppose 33 = 2*y - y. Let s = p + y. What are the prime factors of s?
2, 5
Suppose -5*r - 8 = -18. Suppose -32 + 38 = r*c. Suppose 3*x + 0*x - 99 = -4*q, 0 = -c*x + 3*q + 78. List the prime factors of x.
29
Let f = 28 + -18. Suppose 9*i + 179 = f*i. List the prime factors of i.
179
Suppose 137 = -3*d + 2*d. Let a = 3011 - 3145. Let f = a - d. What are the prime factors of f?
3
Let n = 12989 - -26782. What are the prime factors of n?
3, 491
Suppose -577562 + 2342417 = 135*t. What are the prime factors of t?
17, 769
Suppose -1881*g + 109176 = -1869*g. List the prime factors of g.
2, 4549
Let k be (-225)/(-30) + (-3)/(-2). Suppose 0*m - 3*m = 4*q - 38, 3*q = m + k. List the prime factors of (-4)/(-6) + 368/m.
2, 31
Suppose -4*h + 16079 = x, -5*x = -3*h - 6*x + 12060. What are the prime factors of h?
4019
Let m = -316 - -310. What are the prime factors of (-28929)/(-45) + (-9)/(405/m)?
643
Let h(a) = a**3 - 12*a**2 + 2*a + 7. Let w(i) = 12*i**3 + i**2 - 1. Let q be w(1). Let d be h(q). What are the prime factors of d + -15 + (-1 - -4)?
19
Suppose -6*o + 8*o - 1882 = -2*d, d + 2*o - 946 = 0. Let y = -106 + d. List the prime factors of y.
2, 5, 83
Let v(h) be the second derivative of h**5/20 + 2*h**4/3 + 2*h**3/3 + 3*h**2 - 223*h. List the prime factors of v(-4).
2, 3
Suppose -4*f - 8828 = -6*f + 3*m, 0 = -2*f + 5*m + 8820. List the prime factors of (f/12)/13*21.
5, 7, 17
Let w be (2/5)/(((-63)/7)/(-90)). Suppose -277 = -w*g - 57. What are the prime factors of g?
5, 11
Suppose -b - 3*p = -p - 292, -1156 = -4*b - 4*p. Let x = b - 32. Suppose 14*t + x = 2494. What are the prime factors of t?
2, 5
Suppose 6*d - 516 = 4*d. Let p = d - 130. Let z = p + -93. What are the prime factors of z?
5, 7
Let t(v) = -2366*v - 952. List the prime factors of t(-8).
2, 3, 7, 107
Suppose -4*h + 12 + 0 = 0. Suppose 0*k + h*l - 68 = 2*k, 3*k = 2*l - 97. Let i = 53 + k. List the prime factors of i.
2, 11
Suppose 3190480 = 92*u + 60*u. What are the prime factors of u?
2, 5, 2099
Suppose 0 = -3*k - k - 80. List the prime factors of 123/((-26)/(-51) + k/60).
17, 41
Suppose -8 = -j - 3*q - q, q - 8 = -j. Suppose -46 = j*l + 18. What are the prime factors of (4/((-32)/(-306)))/((-2)/l)?
3, 17
Suppose 0 = -4*g + 3*j + 27072, 20314 = -12*g + 15*g - j. List the prime factors of g.
2, 3, 1129
Let q = -31366 - -55689. What are the prime factors of q?
13, 1871
Let d(s) = 2*s**2 + 14*s + 14. Suppose -3*c = -5*x + 40, 2*x - 25 = 2*c - x. Let w be d(c). List the prime factors of w/18 + 742/3.
13, 19
Let p(y) = -28*y - 19. Let r be p(13). Let v = -553 - r. Let w = v - -367. What are the prime factors of w?
197
Let o(w) be the third derivative of w**5/60 + w**4/3 - 5*w**3/3 - 15*w**2. Let i be o(-10). Suppose -i - 78 = -8*c. What are the prime factors of c?
11
Suppose 0 = 2*j - b - 11398, -14*b + 22802 = 4*j - 15*b. What are the prime factors of j?
2, 2851
Let t(f) = f**3 + 5*f**2 - 4*f + 12. Let i be t(-6). Suppose -77 + 1769 = 4*j + 5*d, 2*j - 4*d - 820 = i. What are the prime factors of j?
2, 11, 19
Let s(i) = 8*i**3 + i**2 - 5*i + 7. Let l be (-15)/(-9) - (7/(-3))/7. Let j be s(l). List the prime factors of (-13)/(j/(-60)) + -4.
2
Let g(v) be the second derivative of -31/2*v**2 + 13/2*v**3 + 0 - 20*v. What are the prime factors of g(4)?
5
Let d(w) = 7*w + 1947 - 1917 + 12*w. What are the prime factors of d(6)?
2, 3
Let m = 763 + -761. Let z(j) = -48*j**2 + j - 3. Let r(q) = -q + 1. Let o(n) = -2*r(n) - z(n). List the prime factors of o(m).
3, 5, 13
Suppose 3*z = 10 - 1. Suppose z*l = 4*l - 203. What are the prime factors of l?
7, 29
Let b be (-